ird derivative of m**6/120 + m**5/15 + m**3/2 + 2*m**2. What is the units digit of n(-4)?
3
Let j be 2*-1 + 3 + 0. Let l(k) = -48*k. Let g be l(j). What is the units digit of g/(-9) - (-2)/3?
6
What is the hundreds digit of ((-658)/6 - 1)/(28/(-84))?
3
Let x(z) = -z + 8. Let j be 7*(-7)/((-98)/12). What is the units digit of x(j)?
2
Suppose -2*j + 2 = -4. Let g be ((-9)/6)/(j/(-8)). Suppose -g = -5*w + w. What is the units digit of w?
1
Let k = 108 + -56. Suppose -44 = -4*m + k. Suppose m = 3*p + 4*s, 3*s + 4 = 4*p - s. What is the units digit of p?
4
Suppose -4*z = -8*z + 4*l + 28, -3*l - 9 = z. Let m = -1 + z. What is the units digit of m?
2
Let d(q) = 3*q - 3. Let i be d(2). Let a = -12 + 48. Suppose -a = -i*g + 27. What is the units digit of g?
1
Suppose 0 - 4 = 4*z. Let h(d) = -28*d + 1. What is the tens digit of h(z)?
2
Suppose 2*t - 80 = -2*t. Let f be 35/t - 1/(-4). Suppose f*m = m + 2. What is the units digit of m?
2
Suppose 3*p + p = -2*j - 12, 4*j = 5*p - 24. What is the tens digit of (-62)/(-6) + j/18?
1
Suppose 2*f - 6*f = 4, 0 = m - f - 23. What is the tens digit of m?
2
Let s be 72/5 + (-6)/15. Suppose 2*w = w + s. Let n = w + -5. What is the units digit of n?
9
Suppose 88 = 2*t - 22. What is the units digit of t?
5
Suppose 3*w = 2*i + 13, 5*i + 6 = 5*w - 9. Suppose -c + w = 1. What is the units digit of c?
6
Let i = -8 + 12. Suppose -i*a = 41 - 17. Let n(h) = -h**3 - 6*h**2 - 2*h - 3. What is the units digit of n(a)?
9
Suppose -83 = 8*a - 467. What is the units digit of a?
8
Let y(a) = 0*a + 11*a**2 + 0*a - 1. Let q(i) = -i**3 - 2*i**2 + i + 1. Let w be q(-1). What is the tens digit of y(w)?
1
Let p(i) = i**2 + i + 1. Suppose -4*h - 12 - 3 = 3*s, 3*h = -5*s - 14. What is the units digit of p(s)?
1
Let t = 0 + 1. Let f(z) = -13*z - 1. Let n(r) = -38*r - 3. Let o(v) = 17*f(v) - 6*n(v). What is the units digit of o(t)?
8
Let r = 3 + -3. Suppose r*d = d. Suppose d*v = -v + 5. What is the units digit of v?
5
Let n = 244 + -127. What is the hundreds digit of n?
1
Let f(s) be the first derivative of -4*s**3/3 - s**2/2 + 4*s - 1. Let u(x) = -x**2 - 1. Let b(c) = -f(c) + 3*u(c). What is the units digit of b(-5)?
3
Suppose -1 = 2*u - 5. What is the units digit of (0 - -1)/(u/10)?
5
Suppose 0 = -2*n + 216 - 0. What is the tens digit of n?
0
Let b = -10 + 5. Let r(y) = y**2 + 4*y - 2. Let o be r(b). Suppose -o - 10 = -t. What is the tens digit of t?
1
Let c(f) = 53*f - 1. What is the tens digit of c(1)?
5
Suppose -7*y + 2*y + 25 = 0. Let k(p) = -p**3 + 6*p**2 - 3*p + 1. What is the tens digit of k(y)?
1
What is the units digit of 124/6*99/22?
3
Suppose 3*l - 19 = 2*p - 0*p, -2*l + 2*p + 12 = 0. Suppose -5*w - l = -4*v, 2*v + v - 9 = 0. Suppose -4*f - w = -29. What is the units digit of f?
7
Suppose 0 = 3*i - 4*h - 57, -57 = -4*i - h - 0*h. What is the units digit of i/1 - 4/2?
3
Let g be 32/18 + 2/9. Let i be -25*1*g/5. Let u = -1 - i. What is the units digit of u?
9
Suppose 9*t - k = 4*t + 1203, 0 = -2*t - 2*k + 474. What is the units digit of t?
0
Let h = -7 - -17. Suppose 15*n - h*n - 50 = 0. What is the tens digit of n?
1
Suppose 4*h + 4 = 12. Suppose -3*n + 2*n + 49 = h*m, 4*m + 20 = 0. Suppose n = 4*t + 3*z, -2*t - z + 24 = -7. What is the units digit of t?
7
Suppose 2*x = -x + 513. What is the tens digit of x?
7
Suppose 0 = 3*r + 4*j, -2*r + 0*r - 5*j = 0. Suppose r = -0*s - 4*s + 28. What is the units digit of s?
7
Let p be (-3 - -2)/(1/2). Let f be p + 5 + 2 - -1. Suppose -f = 2*x, 4*x - 21 = -4*d - x. What is the units digit of d?
9
Let n(z) be the second derivative of z**4/12 - z**3/6 + 5*z**2/2 - z. Let a be n(0). Suppose -2*k + a = -k. What is the units digit of k?
5
Let v(y) = 2*y**2. Let w be v(-1). What is the units digit of ((-31)/w)/(4/(-8))?
1
Let z(y) = -y**3 + 5*y**2 + 8*y - 7. Let u(q) = q**3 - 4*q**2 - 7*q + 6. Let x(d) = -5*u(d) - 4*z(d). What is the units digit of x(-4)?
0
Let v = -7 - -7. Suppose v*g = -4*u - 3*g - 11, 2*g = -u - 9. What is the units digit of u?
1
Let j(u) = -u**3 + 5*u**2 - 5*u - 2. Let v be j(4). Let i be 146/(-6) - 2/v. What is the units digit of i/(-15) - (-4)/10?
2
Let y be 1/(-6) + 58/(-12). Let h = 6 - y. What is the tens digit of h?
1
Suppose 0 = -2*f + 47 + 29. What is the tens digit of f?
3
Suppose 0 = -t + 58 - 6. Let c be t/(-16) + (-1)/(-4). What is the units digit of (-10)/(-1) + (-3 - c)?
0
Let v(o) = o**3 + 4*o**2 - 7*o - 7. Suppose -4*j + p - 16 = -0*j, 24 = -4*j - p. What is the units digit of v(j)?
3
Let w(b) = b + 2 + 2*b**2 - 2 - b**2. What is the tens digit of w(3)?
1
Let x(y) = y + 6 + 0 - 1. What is the units digit of x(5)?
0
Suppose 0*u + 24 = 4*u. What is the units digit of 120/(-35)*(-1 - u)?
4
Suppose 0 = 2*h - 4*h + 28. Let x = h + -13. What is the units digit of x?
1
Let c(q) = 2*q**2 - 5*q - 1. What is the units digit of c(-3)?
2
Suppose -5*y - 3 = -o - 2*o, 5*y = -5*o - 35. What is the units digit of (-38)/o + (-1)/2?
9
Let q be (-2 + 0 + 2)/(-2). Suppose q = -3*l - 0*l - 3*z + 42, 2 = -z. What is the tens digit of l?
1
Suppose -10*r - 475 = -15*r. What is the units digit of r?
5
Let t be (-6)/(-27) - (-32)/18. Let s(y) = 3 - t + 2*y - 3 - 1. What is the units digit of s(2)?
1
Let i be (12/(-9))/2*-3. Let s be (-35 + 1)/2 + i. Let j = s + 24. What is the units digit of j?
9
Suppose 0 = 4*n + 20, 3*k - 4*n = 5*k - 74. What is the units digit of k?
7
Suppose -5*h + 355 = 2*m, 4*h - 5*m - 284 = -4*m. What is the tens digit of h?
7
Let g(q) = -7*q - 2. What is the tens digit of g(-6)?
4
Let h be (-16)/(-4) - (0 - 0). Suppose 0*d + 5*d - 10 = -5*t, -2*d = -4*t - h. Suppose n = 5 - t. What is the units digit of n?
5
Suppose -7*n - 17 = -8*n. What is the tens digit of n?
1
Suppose -5*g - 2*u = -16, -16 = -3*g - 2*u - 4. Suppose 3*m + 3 + 25 = g*f, f - 29 = 4*m. What is the units digit of (9/(-27))/(1/m)?
2
Let i(c) = -2*c**3 + 10*c**2 + 9*c + 5*c**3 + 11 - 2*c**3. Let v be i(-9). Suppose -5*k = 4*j - 80, 3*j + k - 71 + v = 0. What is the tens digit of j?
2
What is the units digit of (-4)/6 + (-286)/(-6)?
7
Let q = -1 - -3. Let y = -10 + 15. Suppose 3*o = -2*j - q*j + 29, 5*j = y*o - 60. What is the tens digit of o?
1
Suppose -5*j + 2*g = 36, -3*g = 3*j - 6*g + 27. Let y = j + 5. What is the units digit of 1 - (-1 + y + 1)?
2
Let c(p) = -p**3 - 3*p**2 - p - 1. Let t be c(-3). Suppose 5*r + 0*w - 41 = -3*w, -w + t = 0. What is the units digit of r?
7
Let l(q) = q**2 - 9*q + 6. Let u be l(7). Let m(a) = -a**2 - 9*a + 2. Let g be m(u). Suppose g = 5*j - 20. What is the units digit of j?
6
Suppose 19 = -3*d - 23. Let f = 26 + d. Let a = f - 5. What is the units digit of a?
7
Let v = -2 + 5. What is the units digit of v?
3
Let a(l) = -l - 1. Let x(t) = -6*t - 12. Let y(k) = 12*a(k) - x(k). Let r be y(2). What is the units digit of (-4)/r - (-38)/3?
3
What is the tens digit of (-3)/3 - 3 - -27?
2
Let m(d) be the third derivative of -d**5/60 - d**4/6 + 2*d**2. Let t be m(-4). Let u = 3 + t. What is the units digit of u?
3
Let q = -6 + 6. Suppose q = -3*d - 6, 18 = 4*y - 6*d + d. What is the units digit of y?
2
Suppose 3*j - 2*u + 1 = 0, -5*u + 5 = -5*j - u. Suppose j*b + 2 = 5*b. What is the units digit of -5*(0 + (0 - b))?
5
Suppose 4*z + 0*z - 4 = l, -3*z = -5*l + 65. What is the tens digit of l?
1
Let p(l) = -l**2 - 15*l - 8. Let z be p(-13). Suppose f + z = 2*f. What is the units digit of f?
8
Let s(f) = f**2 + 5*f - 10. Let t be s(-7). Suppose k - t + 1 = 0. What is the units digit of k?
3
Let v(d) = d**3 - 8*d**2 - 7*d - 11. Suppose -3*l - 18 = -45. What is the units digit of v(l)?
7
Let m = 168 - 129. What is the tens digit of m?
3
Let v = -18 + 71. What is the units digit of v?
3
What is the tens digit of (-4)/3 + 520/12?
4
Suppose -2*p = -p - 58. Suppose t + p = 3*t. Suppose -n = -3*x + 3*n + t, -17 = -x + 5*n. What is the units digit of x?
7
Let g(h) = h - 3. Let v be g(7). Suppose 3*q - 7*q = -2*y + 4, 0 = -v*q. Let u(x) = x**3 - 2*x**2 + 3*x - 3. What is the units digit of u(y)?
3
Let p(f) = -42*f + 1. What is the tens digit of p(-2)?
8
Suppose 4*l = 12, -4*s - 2*l - 6 = -4*l. Suppose 2*z = -s*z. Suppose -2*y + 4 = -z*y. What is the units digit of y?
2
Let x = 259 - -105. What is the hundreds digit of x?
3
Let d(n) = -n + 2. Let h be d(2). Suppose 0 = 3*s - 2*g - 